07?
9
What is the hundreds digit of 7390?
3
What is the units digit of 7920?
0
What is the ten thousands digit of 22425?
2
What is the tens digit of 1132?
3
What is the units digit of 976?
6
What is the hundreds digit of 2772?
7
What is the units digit of 605?
5
What is the thousands digit of 3601?
3
What is the units digit of 1332?
2
What is the hundreds digit of 1914?
9
What is the hundreds digit of 7429?
4
What is the hundreds digit of 345?
3
What is the tens digit of 84634?
3
What is the tens digit of 503?
0
What is the units digit of 24645?
5
What is the units digit of 2598?
8
What is the ten thousands digit of 77938?
7
What is the units digit of 8027?
7
What is the units digit of 773?
3
What is the thousands digit of 1749?
1
What is the thousands digit of 114198?
4
What is the hundreds digit of 1226?
2
What is the tens digit of 6011?
1
What is the hundreds digit of 7612?
6
What is the units digit of 34957?
7
What is the units digit of 9472?
2
What is the tens digit of 48146?
4
What is the ten thousands digit of 25337?
2
What is the hundreds digit of 5124?
1
What is the thousands digit of 14728?
4
What is the hundreds digit of 19257?
2
What is the tens digit of 1292?
9
What is the tens digit of 82?
8
What is the ten thousands digit of 33566?
3
What is the thousands digit of 1447?
1
What is the ten thousands digit of 23266?
2
What is the units digit of 3970?
0
What is the tens digit of 9233?
3
What is the thousands digit of 1477?
1
What is the units digit of 435?
5
What is the thousands digit of 6445?
6
What is the units digit of 28?
8
What is the hundreds digit of 110988?
9
What is the hundreds digit of 4894?
8
What is the tens digit of 161?
6
What is the tens digit of 84430?
3
What is the hundreds digit of 68237?
2
What is the units digit of 1421?
1
What is the units digit of 25687?
7
What is the tens digit of 13737?
3
What is the units digit of 5034?
4
What is the units digit of 475?
5
What is the units digit of 13449?
9
What is the tens digit of 753?
5
What is the hundreds digit of 842?
8
What is the hundreds digit of 951?
9
What is the units digit of 458?
8
What is the hundreds digit of 3413?
4
What is the units digit of 9523?
3
What is the units digit of 4272?
2
What is the ten thousands digit of 23323?
2
What is the units digit of 97806?
6
What is the hundreds digit of 18688?
6
What is the ten thousands digit of 13877?
1
What is the hundreds digit of 410?
4
What is the tens digit of 153377?
7
What is the units digit of 11255?
5
What is the thousands digit of 15503?
5
What is the hundreds digit of 1219?
2
What is the tens digit of 33012?
1
What is the units digit of 28?
8
What is the units digit of 8426?
6
What is the hundreds digit of 26871?
8
What is the hundreds digit of 270?
2
What is the thousands digit of 144405?
4
What is the thousands digit of 2381?
2
What is the hundreds digit of 6716?
7
What is the hundreds digit of 5602?
6
What is the ten thousands digit of 50682?
5
What is the units digit of 1100?
0
What is the thousands digit of 3530?
3
What is the units digit of 5001?
1
What is the units digit of 44?
4
What is the tens digit of 22536?
3
What is the tens digit of 771?
7
What is the tens digit of 11163?
6
What is the hundreds digit of 70785?
7
What is the thousands digit of 23077?
3
What is the hundreds digit of 3645?
6
What is the hundreds digit of 28951?
9
What is the tens digit of 20072?
7
What is the ten thousands digit of 27534?
2
What is the hundreds digit of 1432?
4
What is the hundreds digit of 12712?
7
What is the units digit of 17016?
6
What is the hundreds digit of 978?
9
What is the ten thousands digit of 29363?
2
What is the hundreds digit of 31771?
7
What is the units digit of 5848?
8
What is the ten thousands digit of 15288?
1
What is the hundreds digit of 3413?
4
What is the units digit of 21546?
6
What is the thousands digit of 2437?
2
What is the tens digit of 5821?
2
What is the tens digit of 1148?
4
What is the hundreds digit of 28356?
3
What is the ten thousands digit of 25908?
2
What is the hundreds digit of 13576?
5
What is the thousands digit of 45339?
5
What is the units digit of 119?
9
What is the thousands digit of 1068?
1
What is the units digit of 5930?
0
What is the thousands digit of 4292?
4
What is the tens digit of 56130?
3
What is the thousands digit of 23724?
3
What is the units digit of 27260?
0
What is the tens digit of 19272?
7
What is the units digit of 34?
4
What is the units digit of 7094?
4
What is the thousands digit of 4864?
4
What is the hundreds digit of 39737?
7
What is the units digit of 1894?
4
What is the hundreds digit of 145?
1
What is the tens digit of 23227?
2
What is the hundreds digit of 8326?
3
What is the tens digit of 7379?
7
What is the tens digit of 115?
1
What is the thousands digit of 1036?
1
What is the hundreds digit of 1081?
0
What is the tens digit of 170?
7
What is the thousands digit of 63252?
3
What is the hundreds digit of 4726?
7
What is the ten thousands digit of 71449?
7
What is the tens digit of 1094?
9
What is the thousands digit of 134791?
4
What is the tens digit of 111968?
6
What is the tens digit of 420?
2
What is the hundreds digit of 140998?
9
What is the tens digit of 112453?
5
What is the hundreds digit of 496?
4
What is the tens digit of 9669?
6
What is the units digit of 22970?
0
What is the thousands digit of 11186?
1
What is the units digit of 1336?
6
What is the hundreds digit of 203?
2
What is the units digit of 847?
7
What is the tens digit of 70901?
0
What is the ten thousands digit of 29210?
2
What is the thousands digit of 1524?
1
What is the thousands digit of 23852?
3
What is the tens digit of 2407?
0
What is the tens digit of 4782?
8
What is the tens digit of 55723?
2
What is the tens digit of 108716?
1
What is the thousands digit of 38605?
8
What is the hundreds digit of 17762?
7
What is the units digit of 11895?
5
What is the hundreds digit of 2070?
0
What is the hundreds digit of 16131?
1
What is the thousands digit of 19257?
9
What is the tens digit of 5410?
1
What is the hundreds digit of 1817?
8
What is the tens digit of 65128?
2
What is the hundreds digit of 2898?
8
What is the units digit of 4124?
4
What is the units digit of 7448?
8
What is the thousands digit of 1569?
1
What is the hundreds digit of 19781?
7
What is the hundreds digit of 1608?
6
What is the tens digit of 9269?
6
What is the tens digit of 14924?
2
What is the hundreds digit of 169017?
0
What is the tens digit of 8092?
9
What is the hundreds digit of 4635?
6
What is the tens digit of 1050?
5
What is the tens digit of 2654?
5
What is the units digit of 3608?
8
What is the ten thousands digit of 94945?
9
What is the ten thousands digit of 14637?
1
What is the thousands digit of 1588?
1
What is the tens digit of 3978?
7
What is the units digit of 50610?
0
What is the thousands digit of 2196?
2
What is the tens digit of 41?
4
What is the thousands digit of 56680?
6
What is the units digit of 136174?
4
What is the tens digit of 876?
7
What is the thousands digit of 3189?
3
What is the hundreds digit of 3179?
1
What is the hundreds digit of 125787?
7
What is the units digit of 1803?
3
What is the tens digit of 1951?
5
What is the tens digit of 7214?
1
What is the units digit of 43183?
3
What is the hundreds digit of 2594?
5
What is the thousands digit of 3869?
3
What is the tens digit of 25599?
9
What is the units digit of 3205?
5
What is the units digit of 856?
6
What is the hundreds digit of 1228?
2
What is the tens digit of 28377?
7
What is the units digit of 893?
3
What is the units digit of 98?
8
What is the thousands digit of 9125?
9
What is the hundreds digit of 1782?
7
What is the thousands digit of 1305?
1
What is the units digit of 2737?
7
What is the units digit of 165272?
2
What is the tens digit of 401?
0
What is the tens digit of 1026?
2
What is the hundreds digit of 5556?
5
What is the thousands digit of 89804?
9
What is the tens digit of 741?
4
What is the hundreds digit of 16609?
6
What is the tens digit of 11?
1
What is the units digit of 1288?
8
What is the ten thousands digit of 86053?
8
What is the thousands digit of 1252?
1
What is the tens digit of 13822?
2
What is the thousands digit of 6399?
6
What is the units digit of 4507?
7
